11 is divided by 24?
7
What is the remainder when 3546654 is divided by 3994?
3976
Calculate the remainder when 69801254 is divided by 70.
54
What is the remainder when 167326 is divided by 1686?
412
What is the remainder when 32693286 is divided by 5?
1
What is the remainder when 7375503 is divided by 129394?
45
Calculate the remainder when 15444282 is divided by 8.
2
Calculate the remainder when 17477066 is divided by 472351.
79
Calculate the remainder when 1046516 is divided by 324.
320
What is the remainder when 1045023 is divided by 115803?
2796
Calculate the remainder when 19997870 is divided by 114.
104
What is the remainder when 777640 is divided by 12339?
283
What is the remainder when 112143767 is divided by 92?
91
What is the remainder when 594628 is divided by 7341?
7
Calculate the remainder when 391197 is divided by 391143.
54
Calculate the remainder when 18790 is divided by 1908.
1618
What is the remainder when 833540 is divided by 37888?
4
What is the remainder when 3219416 is divided by 1609673?
70
Calculate the remainder when 41551043 is divided by 10387753.
31
What is the remainder when 1009899 is divided by 38838?
111
Calculate the remainder when 36108 is divided by 1254.
996
Calculate the remainder when 209262 is divided by 2176.
366
What is the remainder when 190833 is divided by 15845?
693
What is the remainder when 76608559 is divided by 1196?
1171
Calculate the remainder when 10449665 is divided by 27355.
55
What is the remainder when 304535023 is divided by 27?
25
What is the remainder when 395380 is divided by 130395?
4195
What is the remainder when 10959278 is divided by 408?
398
What is the remainder when 960439 is divided by 9056?
503
What is the remainder when 28952687 is divided by 3937?
3926
Calculate the remainder when 622522 is divided by 11704.
2210
Calculate the remainder when 667496 is divided by 166.
10
What is the remainder when 1734196 is divided by 743?
34
Calculate the remainder when 30427859 is divided by 4967.
17
What is the remainder when 180524 is divided by 4298?
8
Calculate the remainder when 597187 is divided by 223.
216
What is the remainder when 29596 is divided by 25061?
4535
What is the remainder when 2469337 is divided by 5265?
52
What is the remainder when 25955 is divided by 4977?
1070
Calculate the remainder when 1143731 is divided by 2043.
1694
Calculate the remainder when 897083 is divided by 299025.
8
What is the remainder when 59694 is divided by 3737?
3639
Calculate the remainder when 57469 is divided by 50.
19
Calculate the remainder when 25108448 is divided by 1684.
8
Calculate the remainder when 1384810 is divided by 11637.
7
Calculate the remainder when 90469328 is divided by 64.
16
What is the remainder when 278376 is divided by 13911?
156
Calculate the remainder when 61904 is divided by 344.
328
Calculate the remainder when 5608406 is divided by 371.
370
Calculate the remainder when 372043 is divided by 182.
35
Calculate the remainder when 76394419 is divided by 2861.
2858
Calculate the remainder when 127291 is divided by 3210.
2101
What is the remainder when 5862186 is divided by 3504?
3498
What is the remainder when 1030211 is divided by 114465?
26
What is the remainder when 999285 is divided by 445?
260
What is the remainder when 237277259 is divided by 1227?
1226
Calculate the remainder when 1861783 is divided by 2698.
163
What is the remainder when 744304 is divided by 43761?
367
What is the remainder when 815714 is divided by 271843?
185
Calculate the remainder when 40353212 is divided by 20432.
12
What is the remainder when 453917 is divided by 11639?
11635
What is the remainder when 151951 is divided by 3250?
2451
What is the remainder when 419300078 is divided by 5487?
5486
What is the remainder when 541203 is divided by 386?
31
Calculate the remainder when 229022 is divided by 1364.
1234
What is the remainder when 16158 is divided by 13258?
2900
What is the remainder when 6252323 is divided by 90?
23
What is the remainder when 1268695 is divided by 1952?
1847
Calculate the remainder when 1583658 is divided by 87981.
0
Calculate the remainder when 1025231 is divided by 542.
309
Calculate the remainder when 8824687 is divided by 3294.
61
Calculate the remainder when 14327923 is divided by 18.
13
What is the remainder when 38566863 is divided by 1391?
1388
What is the remainder when 17655442 is divided by 44?
2
What is the remainder when 595064213 is divided by 5?
3
What is the remainder when 32622342 is divided by 6524465?
17
Calculate the remainder when 14692876 is divided by 2535.
16
What is the remainder when 252426 is divided by 17?
10
Calculate the remainder when 6669490 is divided by 238196.
2
What is the remainder when 1253301 is divided by 1253259?
42
What is the remainder when 4226104265 is divided by 5401?
5399
Calculate the remainder when 122664510 is divided by 7.
3
Calculate the remainder when 19789827 is divided by 6596546.
189
Calculate the remainder when 648646 is divided by 1416.
118
What is the remainder when 5682860 is divided by 868?
64
Calculate the remainder when 7220758 is divided by 120.
118
What is the remainder when 4574864 is divided by 16397?
101
What is the remainder when 129778 is divided by 43162?
292
What is the remainder when 87913234 is divided by 887?
3
What is the remainder when 1739325 is divided by 407?
214
What is the remainder when 270295 is divided by 506?
91
What is the remainder when 1032657 is divided by 7479?
555
Calculate the remainder when 1028654 is divided by 449.
444
Calculate the remainder when 89482409 is divided by 1118530.
9
Calculate the remainder when 9334 is divided by 4847.
4487
What is the remainder when 24665 is divided by 6068?
393
Calculate the remainder when 106797 is divided by 1369.
15
Calculate the remainder when 198704792 is divided by 7.
6
Calculate the remainder when 2073032 is divided by 690937.
221
What is the remainder when 1796497 is divided by 898211?
75
Calculate the remainder when 14126118 is divided by 1047.
1041
What is the remainder when 2838609 is divided by 11877?
6
What is the remainder when 13506525 is divided by 54?
45
What is the remainder when 1086009832 is divided by 134?
132
What is the remainder when 594504 is divided by 118896?
24
Calculate the remainder when 4991409 is divided by 5804.
5773
What is the remainder when 122042 is divided by 60672?
698
Calculate the remainder when 1344049 is divided by 6027.
28
What is the remainder when 14906871 is divided by 3726708?
39
Calculate the remainder when 409554 is divided by 3900.
54
Calculate the remainder when 197437565 is divided by 1814.
1805
Calculate the remainder when 261524 is divided by 1428.
200
Calculate the remainder when 1233512 is divided by 616736.
40
Calculate the remainder when 3415959 is divided by 1392.
1383
What is the remainder when 1989678 is divided by 207?
201
What is the remainder when 697817669 is divided by 489?
488
What is the remainder when 1117289 is divided by 4453?
4039
Calculate the remainder when 12966833 is divided by 5430.
5423
What is the remainder when 18146306 is divided by 39?
35
What is the remainder when 213924 is divided by 8554?
74
What is the remainder when 1587477 is divided by 3137?
155
Calculate the remainder when 154127 is divided by 29981.
4222
Calculate the remainder when 457667 is divided by 456258.
1409
Calculate the remainder when 192084 is divided by 28.
4
What is the remainder when 619187 is divided by 645?
632
What is the remainder when 653515921 is divided by 201?
199
Calculate the remainder when 27832412 is divided by 2.
0
What is the remainder when 34873877 is divided by 174?
101
Calculate the remainder when 52258 is divided by 663.
544
What is the remainder when 588805 is divided by 1412?
1
What is the remainder when 287310 is divided by 95625?
435
Calculate the remainder when 97499384 is divided by 6.
2
Calculate the remainder when 57214 is divided by 2263.
639
What is the remainder when 127046 is divided by 63516?
14
What is the remainder when 7835083 is divided by 7835067?
16
Calculate the remainder when 37468 is divided by 1804.
1388
Calculate the remainder when 236840 is divided by 33257.
4041
What is the remainder when 3081234 is divided by 22988?
842
Calculate the r